{"id":646,"date":"2019-03-09T22:24:08","date_gmt":"2019-03-09T21:24:08","guid":{"rendered":"http:\/\/armiel.com\/?page_id=646"},"modified":"2019-03-11T15:43:12","modified_gmt":"2019-03-11T14:43:12","slug":"la-danse","status":"publish","type":"page","link":"https:\/\/armiel.com\/index.php\/fr\/la-danse\/","title":{"rendered":"La danse"},"content":{"rendered":"\n<p>D\u00e9placer mon corps sur la musique a toujours \u00e9t\u00e9 source de joie et cela me vient naturellement. \u00abTu pouvais danser avant de marcher\u00bb, m&rsquo;a dit ma m\u00e8re un jour. J&rsquo;ai commenc\u00e9 la danse classique \u00e0 l&rsquo;\u00e2ge de 4 ans et j&rsquo;ai continu\u00e9 jusqu&rsquo;\u00e0 vingt ans. Ensuite, j&rsquo;ai exp\u00e9riment\u00e9 d&rsquo;autres formes de danse telles que la danse moderne, le jazz et les claquettes. Finalement, j&rsquo;ai d\u00e9couvert la danse de salon et c&rsquo;est devenu une passion. Peu de temps apr\u00e8s avoir d\u00e9m\u00e9nag\u00e9 aux \u00c9tats-Unis, j&rsquo;ai particip\u00e9 \u00e0 des comp\u00e9titions. Jouer sur sc\u00e8ne \u00e9tait un d\u00e9lice, mais les comp\u00e9titions se sont av\u00e9r\u00e9es trop stressantes pour moi. J&rsquo;ai donc choisi de rejoindre une \u00e9quipe de formation USABDA avec laquelle je me suit produite pendant 9 ans.<\/p>\n\n\n<div>C&rsquo;est l\u00e0 que j&rsquo;ai rencontr\u00e9 mon futur partenaire de danse, Jose, qui m&rsquo;a initi\u00e9 au tango argentin. Apr\u00e8s avoir beaucoup voyag\u00e9 pour nous former avec de nombreux professeurs de tango, nous avons commenc\u00e9 \u00e0 jouer localement dans diff\u00e9rentes productions. Puis \u00e0 la fin des ann\u00e9es 90 nous avons cr\u00e9\u00e9 une association de tango \u00e0 Binghamton pour transmettre notre passion.<\/div>\n\n\n<p>Les responsabilit\u00e9s familiales nous ont finalement s\u00e9par\u00e9s, mais j&rsquo;ai continu\u00e9 \u00e0 enseigner les danses de salon et le swing, et \u00e0 me produire localement chaque fois qu&rsquo;une occasion se pr\u00e9sentait. Quelques ann\u00e9es plus tard, j&rsquo;ai r\u00e9alis\u00e9 que mon corps commen\u00e7ait \u00e0 souffrir et qu&rsquo;il devenait urgent pour moi de trouver des formes de danse plus douces. Ma formation en arts expressifs m&rsquo;a initi\u00e9e \u00e0 la th\u00e9rapie par la danse et je me suis tout de suite sentie \u00e0 l&rsquo;aise. Le yoga et diverses formes de Qi-Gong m&rsquo;ont \u00e9galement ouvert de nouveaux horizons et de nouvelles mani\u00e8res de me connecter plus profond\u00e9ment \u00e0 mon Essence.<\/p>\n\n\n\n<p>Maintenant j&rsquo;exprime la joie de la musique \u00e0 travers mon corps de mani\u00e8re simple et naturelle.  En r\u00e9pondant \u00e0 cette impulsion naturelle, je me donne la permission d&rsquo;abandonner les r\u00e8gles \u00e9tablies, les sch\u00e9mas et les chor\u00e9graphies. Laisser la musique s&rsquo;exprimer \u00e0 travers moi, sans jugement, sans me comparer aux autres, est tellement lib\u00e9rateur ! Accepter d&rsquo;\u00eatre juste qui je suis dans le moment pr\u00e9sent et me sentir libre d&rsquo;exprimer ce qui monte en moi. En partageant ma vision avec le plus grand nombre, j&rsquo;ai bon espoir d&rsquo;inspirer d&rsquo;autres personnes \u00e0 s&rsquo;autoriser \u00e0 faire de m\u00eame.<\/p>\n\n\n\n<p>Si vous avez des questions ou besoin de plus d&rsquo;information, n\u2019h\u00e9sitez pas \u00e0 me <a href=\"http:\/\/armiel.com\/index.php\/contact\/\">contacter<\/a>.<\/p>\n\n\n\n<p><a href=\"http:\/\/armiel.com\/index.php\/fr\/a-propos\/\">A Propos\ufeff<\/a><\/p>\n","protected":false},"excerpt":{"rendered":"<p>D\u00e9placer mon corps sur la musique a toujours \u00e9t\u00e9 source de joie et cela me vient naturellement. \u00abTu pouvais danser avant de marcher\u00bb, m&rsquo;a dit ma m\u00e8re un jour. J&rsquo;ai commenc\u00e9 la danse classique \u00e0 l&rsquo;\u00e2ge de 4 ans et j&rsquo;ai continu\u00e9 jusqu&rsquo;\u00e0 vingt ans. Ensuite, j&rsquo;ai exp\u00e9riment\u00e9 d&rsquo;autres formes de danse telles que la [&hellip;]<\/p>\n","protected":false},"author":1,"featured_media":0,"parent":0,"menu_order":0,"comment_status":"closed","ping_status":"closed","template":"","meta":[],"_links":{"self":[{"href":"https:\/\/armiel.com\/index.php\/wp-json\/wp\/v2\/pages\/646"}],"collection":[{"href":"https:\/\/armiel.com\/index.php\/wp-json\/wp\/v2\/pages"}],"about":[{"href":"https:\/\/armiel.com\/index.php\/wp-json\/wp\/v2\/types\/page"}],"author":[{"embeddable":true,"href":"https:\/\/armiel.com\/index.php\/wp-json\/wp\/v2\/users\/1"}],"replies":[{"embeddable":true,"href":"https:\/\/armiel.com\/index.php\/wp-json\/wp\/v2\/comments?post=646"}],"version-history":[{"count":59,"href":"https:\/\/armiel.com\/index.php\/wp-json\/wp\/v2\/pages\/646\/revisions"}],"predecessor-version":[{"id":822,"href":"https:\/\/armiel.com\/index.php\/wp-json\/wp\/v2\/pages\/646\/revisions\/822"}],"wp:attachment":[{"href":"https:\/\/armiel.com\/index.php\/wp-json\/wp\/v2\/media?parent=646"}],"curies":[{"name":"wp","href":"https:\/\/api.w.org\/{rel}","templated":true}]}}