{"id":16,"date":"2017-06-12T12:11:54","date_gmt":"2017-06-12T10:11:54","guid":{"rendered":"http:\/\/armiel.com\/?page_id=16"},"modified":"2018-11-13T15:06:03","modified_gmt":"2018-11-13T14:06:03","slug":"lexique","status":"publish","type":"page","link":"https:\/\/armiel.com\/index.php\/fr\/lexique\/","title":{"rendered":"Lexique"},"content":{"rendered":"<p><strong>Qu&rsquo;est-ce que la th\u00e9rapie artistique expressive?<\/strong><\/p>\n<p>La th\u00e9rapie artistique expressive consiste \u00e0 utiliser l&rsquo;imagerie, la narration, la danse, la musique, le th\u00e9\u00e2tre, la po\u00e9sie, le mouvement, le travail des r\u00eaves et les arts visuels, de mani\u00e8re int\u00e9gr\u00e9e, pour favoriser la croissance humaine, le d\u00e9veloppement et la gu\u00e9rison. Il s&rsquo;agit de r\u00e9cup\u00e9rer notre capacit\u00e9 inn\u00e9e en tant qu&rsquo;\u00eatres humains pour l&rsquo;expression cr\u00e9ative de notre exp\u00e9rience humaine individuelle et collective sous forme artistique.\u00a0La th\u00e9rapie artistique expressive consiste \u00e9galement \u00e0 conna\u00eetre la capacit\u00e9 naturelle de l&rsquo;expression cr\u00e9ative et la communaut\u00e9 cr\u00e9ative pour la transformation. En int\u00e9grant les processus artistiques et en permettant de circuler de l&rsquo;un dans l&rsquo;autre, nous obtenons l&rsquo;acc\u00e8s \u00e0 nos ressources internes pour la clart\u00e9, l&rsquo;illumination et la cr\u00e9ativit\u00e9. Une personne n&rsquo;est pas tenue d&rsquo;avoir une capacit\u00e9 artistique pour faire ou b\u00e9n\u00e9ficier d&rsquo;une th\u00e9rapie artistique expressive.<\/p>\n<p>Pour en savoir plus consultez le site <a href=\"http:\/\/www.thecreateinstitute.org\" target=\"_blank\" rel=\"noopener\">thecreativeinstitute.org<\/a> (en anglais).<\/p>\n<p>&nbsp;<\/p>\n<p><strong>Le Zero Balancing qu\u2019est-ce que c\u2019est?<\/strong><\/p>\n<p>Le Zero Balancing \u00ae est une m\u00e9thode manuelle douce et efficace qui \u00e9quilibre l&rsquo;\u00e9nergie du corps avec la structure du corps. Par la pression des doigts et les \u00e9tirements, elle invite le rel\u00e2chement de la tension accumul\u00e9e dans les structures profondes du corps.\u00a0 La qualit\u00e9 particuli\u00e8re du toucher permet \u00e0 la structure physique et \u00e0 l&rsquo;\u00e9nergie de s&rsquo;engager simultan\u00e9ment, d&rsquo;une fa\u00e7on qui harmonise la relation entre elles.\u00a0 Le Zero Balancing donne au corps un pivot autour duquel le corps peut se d\u00e9tendre, lui donnant ainsi l&rsquo;occasion de rel\u00e2cher ses malaises et ses douleurs, et d\u2019\u00e9prouver un nouveau niveau d&rsquo;int\u00e9gration. Le nom Zero Balancing \u00ae est venu spontan\u00e9ment de la description d&rsquo;une cliente \u00e0 la fin de la s\u00e9ance qu&rsquo;elle venait de recevoir. A noter qu&rsquo;il n&rsquo;y a pas d&rsquo;accent dans \u00ab\u00a0Zero\u00a0\u00bb en fran\u00e7ais car c&rsquo;est une marque d\u00e9pos\u00e9e internationale.<\/p>\n<p>Pour en savoir plus, vous pouvez t\u00e9l\u00e9charger ce fichier:<\/p>\n<p><a href=\"http:\/\/armiel.com\/wp-content\/uploads\/2018\/01\/ZB-Francais.pdf\">ZB Francais<br \/>\n<\/a><br \/>\nou bien visiter le site de l&rsquo;Association Britannique <a href=\"http:\/\/www.zerobalancinguk.org\" target=\"_blank\" rel=\"noopener\">zerobalancinguk.org<\/a><\/p>\n<p>&nbsp;<\/p>\n<p><strong>Qu&rsquo;est-ce que la SuperCoherence?<\/strong><\/p>\n<p>Au c\u0153ur du syst\u00e8me humain, il y a un lieu d&rsquo;amour, de confiance, de v\u00e9rit\u00e9 et de fonction extr\u00eame &#8211; un \u00e9tat d&rsquo;intelligence purement sensorielle. Les humains esp\u00e8rent atteindre cet espace, mais ils y acc\u00e8dent rarement au niveau de la personnalit\u00e9. Les fr\u00e9quences de retour \u00a0\u00e0 l&rsquo;amour SuperCoherence (SRTLF) sont de nouveaux outils de conscience qui nous relient directement \u00e0 cet espace \u00e0 la vitesse de la lumi\u00e8re. Les SRTLF sont l\u00e0 pour nous aider \u00e0 briser le cycle de la souffrance qui existe depuis si longtemps.\u00a0Ils nous raccordent directement, syst\u00e9matiquement et pr\u00e9cis\u00e9ment \u00e0 Z\u00e9ro, l\u00e0 o\u00f9 les souffrances pass\u00e9es sont neutralis\u00e9es. Des instruments de gr\u00e2ce, simples et faciles \u00e0 utiliser, mais puissants et efficaces, qui nous relient simplement et directement \u00e0 notre vie unique et \u00e0 notre voyage de l&rsquo;\u00e2me.<\/p>\n<p>Pour en savoir plus consultez le site <a href=\"http:\/\/www.supercoherencereturntolove.com\" target=\"_blank\" rel=\"noopener\">supercoherencereturntolove.com<\/a> (en anglais).<\/p>\n<p>&nbsp;<\/p>\n<p><strong>La Fr\u00e9quence de l&rsquo;eau de SuperCoherence et les b\u00e9n\u00e9fices de l&rsquo;eau structur\u00e9e<\/strong><\/p>\n<p>La fr\u00e9quence de l\u2019eau SuperCoherence est un outil du 21\u00e8me si\u00e8cle qui a \u00e9t\u00e9 sp\u00e9cialement cr\u00e9\u00e9 pour aider \u00e0 redonner \u00e0 l\u2019eau sa nature originale.\u00a0C&rsquo;est un encodage d&rsquo;informations int\u00e9gr\u00e9 dans le verre. Ces informations se pr\u00e9sentent sous la forme de fr\u00e9quences luman\u00e9tiques tr\u00e8s dilu\u00e9es et ne v\u00e9hiculant que des informations vibratoires.<\/p>\n<p>Il ne contient aucun produit chimique et le verre lui-m\u00eame est inerte. La fr\u00e9quence de l&rsquo;eau fonctionne selon un processus appel\u00e9 \u00e9pitaxie. C&rsquo;est un processus par lequel une structure est imprim\u00e9e sur une autre sans aucun transfert de mati\u00e8re.<\/p>\n<p>La fr\u00e9quence de l&rsquo;eau de SuperCoherence restructure et transforme l&rsquo;eau rapidement et efficacement. L&rsquo;eau structur\u00e9e pr\u00e9sente de nombreux avantages par rapport \u00e0 l&rsquo;eau du robinet. Pour en savoir plus, consultez <a href=\"http:\/\/www.supercoherencewaterfrequency.com\/more-info\/#.W-rZaC3Myu4\">plus d\u2019informations sur l\u2019eau structur\u00e9e<\/a>.<\/p>\n<p>Ses effets b\u00e9n\u00e9fiques sur l\u2019eau que nous buvons, que nous utilisons pour cuisiner, ainsi que sur le sang du corps sont pr\u00e9sent\u00e9s dans <a href=\"http:\/\/www.supercoherencewaterfrequency.com\/experiments\/#.W-rZ4y3Myu4\">ces exp\u00e9riences<\/a>.<\/p>\n<p>&nbsp;<\/p>\n<p><strong>D&rsquo;ou vient le nom <a href=\"http:\/\/armiel.com\/\">Armiel.com<\/a>?<\/strong><\/p>\n<p>Le mot \u00ab\u00a0Armiel\u00a0\u00bb est la combinaison de mon pr\u00e9nom, Armelle, et du mot miel, ce d\u00e9licieux nectar produit par les abeilles. Armiel d\u00e9crit aussi ma passion pour l&rsquo;art, la musique et la danse.\u00a0Le nid d\u2019abeilles du logo repr\u00e9sente le Chakra du C\u0153ur et la douceur de vivre. L\u2019abeille a des liens \u00e9troits avec le soleil et la chaleur. Le processus de pollinisation symbolise aussi notre nature sociale. Les abeilles vivent et travaillent en communaut\u00e9. C\u2019est leur progression de fleur en fleur qui enrichit le monde.<\/p>\n","protected":false},"excerpt":{"rendered":"<p>Qu&rsquo;est-ce que la th\u00e9rapie artistique expressive? La th\u00e9rapie artistique expressive consiste \u00e0 utiliser l&rsquo;imagerie, la narration, la danse, la musique, le th\u00e9\u00e2tre, la po\u00e9sie, le mouvement, le travail des r\u00eaves et les arts visuels, de mani\u00e8re int\u00e9gr\u00e9e, pour favoriser la croissance humaine, le d\u00e9veloppement et la gu\u00e9rison. Il s&rsquo;agit de r\u00e9cup\u00e9rer notre capacit\u00e9 inn\u00e9e en [&hellip;]<\/p>\n","protected":false},"author":1,"featured_media":0,"parent":0,"menu_order":0,"comment_status":"closed","ping_status":"closed","template":"","meta":[],"_links":{"self":[{"href":"https:\/\/armiel.com\/index.php\/wp-json\/wp\/v2\/pages\/16"}],"collection":[{"href":"https:\/\/armiel.com\/index.php\/wp-json\/wp\/v2\/pages"}],"about":[{"href":"https:\/\/armiel.com\/index.php\/wp-json\/wp\/v2\/types\/page"}],"author":[{"embeddable":true,"href":"https:\/\/armiel.com\/index.php\/wp-json\/wp\/v2\/users\/1"}],"replies":[{"embeddable":true,"href":"https:\/\/armiel.com\/index.php\/wp-json\/wp\/v2\/comments?post=16"}],"version-history":[{"count":27,"href":"https:\/\/armiel.com\/index.php\/wp-json\/wp\/v2\/pages\/16\/revisions"}],"predecessor-version":[{"id":586,"href":"https:\/\/armiel.com\/index.php\/wp-json\/wp\/v2\/pages\/16\/revisions\/586"}],"wp:attachment":[{"href":"https:\/\/armiel.com\/index.php\/wp-json\/wp\/v2\/media?parent=16"}],"curies":[{"name":"wp","href":"https:\/\/api.w.org\/{rel}","templated":true}]}}